ond derivative of -r**5/20 - r**4/2 - r**3/3 - 9*r**2/2 + 13*r - 3. Determine t(-6).
3
Let y(l) be the third derivative of -2*l**2 - 1/360*l**6 + 0*l + 1/8*l**4 + 1/60*l**5 + 0 + 0*l**3. Let z(o) be the second derivative of y(o). Give z(2).
-2
Let m(r) = -r**3 - 5*r**2 - 3*r + 5. Suppose 0 = 12*g - 10*g + 8. Determine m(g).
1
Let u = -8 - -11. Suppose -k + 7 = u. Let b(y) = y**2 - 5*y + 1. What is b(k)?
-3
Let s(l) = -7*l**2 + 3*l. Let v(p) = 6*p**2 - 4*p + 1. Let f(o) = 5*s(o) + 6*v(o). Give f(8).
-2
Let z(b) = -b**2 + 5*b - 2. Let p be z(4). Let k = -4 - -7. Let d(w) = -6*w**p - 2*w**3 + 3*w**3 + 3*w - 4 + k*w**2. Determine d(3).
5
Let l(q) = -4 - 2 + q**3 - 2*q**2 - 2*q**2 + 3*q. Suppose 0 = 4*s - 2*s - 4*o - 54, 0 = -2*s + o + 51. Suppose 2*k + 4*z - 2 = 18, 4*k = -3*z + s. Give l(k).
6
Let d(l) be the third derivative of 0*l + 1/12*l**4 + 0 + 1/2*l**3 - 2*l**2. What is d(4)?
11
Let t(s) be the third derivative of -s**5/60 + s**4/6 + s**3/3 + 2*s**2. Let k be 3/3 + 3/1. Suppose -5*g - 5*r - 1 = k, -5*r = 4*g + 9. What is t(g)?
2
Let o(n) = 4*n**3 + 2*n - 1. Let a = -5 - -5. Suppose a = m - 0*m - 1. Determine o(m).
5
Let s(n) = -2*n - 2 + 0*n + 0*n. Determine s(3).
-8
Let k(j) = -7 - j + 6 + 1 + 5. Calculate k(10).
-5
Let d(z) = -6*z**2 + 1. Let m(f) be the second derivative of 5*f**4/12 - f**2 + 3*f. Let l(n) = -4*d(n) - 5*m(n). What is l(0)?
6
Suppose 0 = 2*z + z - 15, 5*k - 35 = -2*z. Let o(q) = q**2 - 6*q - 2. Calculate o(k).
-7
Let y = 5 + -2. Let z(t) = -7*t**2 + 14 - 2*t**3 + 4*t + 3*t**3 - 13 + 3*t**2. What is z(y)?
4
Suppose a = -0*a + 6. Let j be (a/(-5))/(6/(-20)). Let z(m) be the third derivative of -m**4/24 + m**3/6 - 33*m**2. Determine z(j).
-3
Let a = 49 - 47. Let x(j) be the second derivative of 0 - 1/2*j**3 - 3/2*j**a + 3*j. What is x(-4)?
9
Let q(a) = 2*a**3 - 15*a**2 + 4*a - 8. Let g(r) = -r**3 + 7*r**2 - 2*r + 4. Let z(m) = -5*g(m) - 2*q(m). Calculate z(5).
6
Let q(k) = -11*k + 3. Let l(g) = -12*g + 3. Let p(s) = 6*l(s) - 7*q(s). Let m(d) = 2*d - 3. Let v be m(3). Calculate p(v).
12
Let i(r) be the third derivative of 0*r + 3*r**2 + 0*r**3 + 1/24*r**4 + 0. Let z(k) = k. Let h(n) = -6*i(n) + 3*z(n). Give h(-2).
6
Let i(f) = f**3 + f**2 - 2*f - 2. Let a be 4*-1*1/(-2). Let v be (-3)/9*a*3. Calculate i(v).
-2
Let a(f) be the second derivative of f**7/840 + f**6/360 - f**5/120 + f**3/2 + 3*f. Let q(w) be the second derivative of a(w). What is q(0)?
0
Let z = -30 - -33. Let c(a) = -3*a**2 + 3*a + 1. What is c(z)?
-17
Let q = -161 + 165. Let x(u) be the second derivative of 1/6*u**3 + 0 + 1/20*u**5 - 3/2*u**2 - u + 1/4*u**q. Determine x(-3).
-6
Let b(u) be the third derivative of -u**7/5040 + u**6/90 - u**5/15 - 2*u**2. Let f(k) be the third derivative of b(k). Give f(6).
2
Let s(q) = -q**2 - 6*q + 7. Suppose 0 = -4*z - 22 + 2. Determine s(z).
12
Let t(f) = -f - 9. Suppose h = 4*h. Suppose -n - 2*n - 15 = h. Calculate t(n).
-4
Let x(j) = j - 1. Let g(a) = 6*a - 13. Let n(r) = -5*r + 12. Let w(f) = -6*g(f) - 7*n(f). Let z be w(-7). Suppose 3*c + z = 16. Calculate x(c).
4
Let u(n) = -n**2 + 5*n + 2. Suppose 1 = 3*w - 8. Suppose 7*x - w*x + 8 = 0, 3*l - 13 = -x. Calculate u(l).
2
Suppose -7*o + 4*o = -6. Let z(m) be the second derivative of -m**5/20 + m**4/12 + m**3/3 + m. Determine z(o).
0
Let m be 2 + 2 + (-2)/(-1). Let v(b) = -8*b - 1 + m*b + 2. What is v(-1)?
3
Let k(y) be the second derivative of y**5/4 - y**3/3 - y**2/2 - 2*y. Suppose g - 4 = 4*v, 2*v + 2*g = -3*v - 5. Calculate k(v).
-4
Suppose 5*r + 12 = r. Let i(z) be the third derivative of z**5/60 - z**4/24 - 2*z**3/3 - 3*z**2. Calculate i(r).
8
Let x = -1 - -22. Suppose 2*u + 2 = -l, -3*l + 6*u = 3*u - x. Let y(f) = -3*f + 7*f - f**3 + 0*f**3 - l*f**2 + 1. Give y(-5).
6
Let y be 120/112 - -6*(-2)/21. Let n(g) be the second derivative of 3/2*g**2 - 1/20*g**5 + y*g**4 - 5*g + 0 - g**3. Determine n(5).
-2
Suppose 5*t - 4 = 3*t + 4*b, 2*t = -2*b - 2. Let m = t + -1. Let d(x) = -15*x + 1. Calculate d(m).
16
Suppose -3*x - 3*t = -0*x, x + 3*t = -8. Let a(b) = -4*b - 2. Give a(x).
-18
Let y(o) = 12*o**3 - o**2 + 4*o + o + 5 - o. Let p(j) = -35*j**3 + 3*j**2 - 11*j - 14. Let s(k) = 4*p(k) + 11*y(k). Let g = -17 + 16. Calculate s(g).
8
Suppose 3*l = s - 22 - 0, 2*s = 5*l + 40. Suppose -5*b - 8*v = -3*v + s, -4*v + 4 = 2*b. Let x(h) = h**2 + 7*h + 7. Calculate x(b).
1
Let b(a) be the first derivative of a**2/2 - 4*a - 3. Let y(g) = -g + 6. Let v be y(6). Give b(v).
-4
Let q(f) = 4*f + 3 - f - 2*f - 5*f. What is q(2)?
-5
Let o(u) = -15*u + 8. Let f(d) = -7*d + 4. Let w(c) = 13*f(c) - 6*o(c). Give w(-7).
11
Suppose -2*h = -3*h + 12. Let y = h - 13. Let o(w) = 8*w**2 + 1. Calculate o(y).
9
Suppose -5*d = -0*d + u - 20, -2*d - 4*u = 10. Let q(m) = -m - 1. Give q(d).
-6
Let l(h) = h**2 + 4*h. Let p be (-2 - 14/(-4))*2. Suppose -5*v + 30 = -0*v - 5*j, p*v - 16 = 2*j. Suppose -4 = -v*d - 16. What is l(d)?
-3
Suppose 2*f = -0*f + 16. Suppose -f - 4 = -3*j. Let m(k) = -5*k - j + 2 + 2*k. Determine m(-3).
7
Let o(y) = y - 6. Let j be o(9). Let w(h) be the first derivative of -h**3/3 + h**2 - h - 2. What is w(j)?
-4
Let q(v) be the first derivative of -v**3/3 + v - 8. What is q(3)?
-8
Let c(o) = -2*o**3 + 12*o**2 - 5*o - 6. Let v(m) = m**3 - 6*m**2 + 3*m + 3. Let b = -3 - -5. Let k(j) = b*c(j) + 5*v(j). What is k(4)?
-9
Let x(u) = u - 5. Let m be x(6). Let j = -1 + m. Let k(g) = -4*g - 4 + 3 + 3 + j. Calculate k(2).
-6
Let n(q) = q + 2. Suppose 0*c + 2*c = 10. Suppose -5*b - 4*p = 21, -4*p + 3*p - c = b. Give n(b).
1
Let d = -16 - -11. Let m(i) = -i**2 - 5*i - 3. Calculate m(d).
-3
Let c(h) = -4*h**2 - 2*h + 3. Let x(k) = -9*k**2 - 5*k + 7. Let y(s) = -7*c(s) + 3*x(s). What is y(3)?
6
Let u(b) = -b**3 + 7*b**2 - 6*b - 4. Let t(j) = 4*j**2. Let f be t(1). Let z be 2*-34 + f/(-2). Let p be z/(-12) + (-2)/(-12). Give u(p).
-4
Let a(k) = 3*k + 7. Let y(l) = l + 1. Let p(q) = -a(q) + 4*y(q). Let d = -9 - -4. Give p(d).
-8
Suppose 0*o + 12 = 3*o. Let n(y) = y - 9. Calculate n(o).
-5
Let j(y) = y**2 - 4*y - 2. Suppose -9 + 10 = -p. Let i be (p - -9) + -4 + 1. Give j(i).
3
Let h(z) = -z**2 + 8*z - 1. Let c be h(8). Let d be 6*(c/2)/(-1). Let y(k) = -2*k - 1 + d*k - 2. What is y(5)?
2
Let u(r) = -17*r**3 + r**2 - 1. Suppose -2*o - 3 = -5*o. Determine u(o).
-17
Let b(z) = 16*z - 4*z - 9 + z**2 - 7*z. What is b(-7)?
5
Let f(r) = -r + 3. Let n(u) = 6*u - 15. Let h(l) = -22*f(l) - 4*n(l). Let w be h(-4). Let q(p) = p - 1. Determine q(w).
1
Let d(h) = -2*h - h**2 + h - h. Suppose k = 1 - 0. Let i be (-4 + k)*2/6. Give d(i).
1
Suppose 0 = -4*h - 0 + 16. Let j(t) = 5 - h + 1 + t. Calculate j(-5).
-3
Let k(d) = 3*d - 8. Let f be -6*-2*(-2)/(-4). What is k(f)?
10
Suppose 0 = -o + 3*o - 4*k - 6, -3*o - k = -9. Suppose m = 2*i, 0 = i + i - o*m - 4. Let z(u) = -u**2 - 3*u - 1. Give z(i).
1
Suppose -5*p = -3*z - 1, -2 = -7*p + 3*p + 3*z. Let n(u) = -2*u**3 - 2*u**2 - u. Give n(p).
1
Let l = -8 + 17. Suppose l = 2*n + n. Let i be (-3 + n)*1/(-1). Let z(w) = w**3 - w - 1. Calculate z(i).
-1
Let j(u) be the third derivative of -u**5/60 - u**4/4 - 5*u**3/6 - 13*u**2. Calculate j(-4).
3
Let b(d) be the first derivative of 0*d**2 + 1/2*d**4 - 1 - 2/3*d**3 + d. Calculate b(-1).
-3
Let y(q) = -q**2 - q. Let k be ((0 + -1)*-26)/(-1). Let w be (1 + 0)*k/2. Let r(z) = -z**3 - 14*z**2 - 14*z - 14. Let g be r(w). Determine y(g).
0
Let s(d) be the third derivative of d**4/12 + 2*d**3/3 - 3*d**2. Determine s(-4).
-4
Let d be (4/(-2))/(6 + -7). Let f(x) = -2*x**3 - 3*x**3 + 6*x**3 - d*x**2. What is f(2)?
0
Let o(i) be the first derivative of -i**2 - i**3 + i - 1/4*i**4 - 2. Give o(-3).
7
Let g(n) be the first derivative of n**3/3 - n**2/2 - 10*n + 8. Give g(0).
-10
Let q(w) be the first derivative of w**2 + 6*w + 1. Suppose 2*m + 2 = -2*f, m + 2*m - 7 = -f. Give q(f).
-4
Let r(t) = -5*t**2 + t**3 + 6*t**2 - 14*t - 19 + 3*t**2 + 8*t**2. Determine r(-13).
-6
Let s = -28 + 47. Suppose -4*k - 4 + s = -y, 4*y - 4*k + 12 = 0. Let g(n) = 21*n**2 + 8. Let j(i) = 14*i**2 + 5. Let h(w) = 5*g(w) - 8*j(w). Calculate h(y).
-7
Let q(u) = -u - 4. Suppose -4*l - g + 37 = 0, 11 = 2*l - 0*l - g. What is q(l)?
-12
Let h(q) = -q**3 + 5*q**2 - 4*q. Let a = -31 - -35. Give h(a).
0
Let i(o) be the third derivative of -o**6/120 + o**5/10 + o**4